 (2 - 80/25)*(-160)/3. Calculate the remainder when 95 is divided by (27/(-6))/((-6)/q).
47
Calculate the remainder when (-152)/(-38) + 126/2 is divided by 8.
3
Suppose 137 = -2*l + 5*d, -5*l + d = -4*d + 320. Let k = l - -78. What is the remainder when 30 is divided by k?
13
Suppose 4*j + 333 = 93. Calculate the remainder when 1366/8 - (-45)/j is divided by 43.
41
Let o = -693 + 1338. Suppose -2*p + o = 3*p. Calculate the remainder when p is divided by 44.
41
Let t be ((-4)/6)/((-68)/(-51))*-4. Suppose 75 = 4*r - 9. Suppose 2*f = w + r, 23 = t*f - 4*w - 1. What is the remainder when 36 is divided by f?
6
Let s = 32 + 45. Calculate the remainder when s is divided by 56/2 + -1 + -1.
25
Suppose 2*d = 2*l - 700, 3*d - 8*d = 0. What is the remainder when l is divided by 22?
20
What is the remainder when 69 is divided by ((-2)/(-6))/((-18)/(-810))?
9
Let u = -190 + 236. What is the remainder when 228 is divided by u?
44
Let q(l) = -l**3 - 6*l**2 - 4*l + 7. Let w be q(-5). Let r be 9 - (-3)/(w + -1). Let j = r + -2. Calculate the remainder when j is divided by 5.
0
Suppose 19*y = 13*y + 30. What is the remainder when 46 is divided by y?
1
Let w = -56 - -81. Let c(i) = i**3 + 7*i**2 - 3*i - 7. Let g = 19 - 26. What is the remainder when w is divided by c(g)?
11
Suppose 8 = 3*b + 5*f - 3, 4*f = 2*b. Let w = -104 + 107. Suppose b*i - w*i - 3 = -5*l, -l - 9 = -i. Calculate the remainder when i is divided by 3.
0
Suppose -81 = 4*v + 2*k + k, 3 = 3*k. Let t = v - -29. What is the remainder when 30 is divided by t?
6
Let j(s) = -30*s + 3. Calculate the remainder when (-1292)/(-20) + (-4)/(-10) is divided by j(-1).
32
Suppose h = 2*m + 114, -2*h - 13*m = -8*m - 237. What is the remainder when h is divided by 9?
8
Suppose 5*x - 528 = -6*x. Calculate the remainder when 155 is divided by x.
11
Let z be 7 - 4/(-3 - -7). Suppose -z*m = m - 182. Suppose 0*l + l + 18 = 2*s, -3*s + 37 = -4*l. Calculate the remainder when m is divided by s.
5
What is the remainder when 42 is divided by ((-36)/4)/((-54)/30)?
2
What is the remainder when 275 + (-6 - -2) - 1 is divided by 91?
88
Let v = 84 + -68. Suppose -595 = -v*o - o. What is the remainder when 312 is divided by o?
32
Suppose -2*j + 30 = -5*z, 3*z + 9 = 2*j - 13. Suppose 3*i = 5*l + 254, -6*i + 7*i - 98 = -j*l. What is the remainder when i is divided by 30?
28
Let g(p) = -p**3 + 6*p**2 - 7. Calculate the remainder when 800/12 + 4 - 5/(-15) is divided by g(5).
17
Suppose -252 = -33*a + 27*a. Calculate the remainder when a is divided by 3.
0
Suppose -2*u + 15 = 4*n + 69, 0 = 5*n + 4*u + 72. Calculate the remainder when 11 + 36/3 + -12 is divided by (-17)/(-3) + 8/n.
1
Let i = 12 + 131. What is the remainder when i is divided by 14?
3
Let z = -214 - -117. Let k = -35 - z. Calculate the remainder when k is divided by ((-21)/4)/((-2)/8).
20
Let c = 57 - 39. Calculate the remainder when 45 is divided by c.
9
Let p(m) = m**3 + 8*m**2 - 20*m + 4. What is the remainder when p(5) is divided by 115?
114
Let h = -424 + 443. What is the remainder when 39 is divided by h?
1
Suppose -4*s = 5*s + 108. Calculate the remainder when ((-1)/(-2))/(s/(-2760)) is divided by 39.
37
Suppose 5*y - 240 = -2*f, 14*f = y + 11*f - 31. What is the remainder when y is divided by 1?
0
Suppose -798 = 10*o - 1768. Calculate the remainder when o is divided by 40.
17
Let w(c) = c**3 + 7*c**2 - c + 9. Let l(o) = 4*o - 6 + 2*o + o**2 + o + 5*o**2. Calculate the remainder when l(-4) is divided by w(-7).
14
Suppose 5*u = 2*t + 30, -4*t = -5*u - 3*t + 35. Let x be 5*((-26)/(-10) + -1). Let i = u + x. What is the remainder when i is divided by 6?
4
Let s(r) = r**3 + 7*r**2 + 2*r - 9. Suppose 0*o = 3*o - 6. What is the remainder when (o - 1) + 89/1 is divided by s(-4)?
28
Calculate the remainder when 76 is divided by -42*(18/(-20) - (-10)/25).
13
Let b(s) = s**3 + 6*s**2 - s - 4. Let u be b(-6). Suppose 11 = u*m + 3. Let k(t) = -t**3 - 18*t**2 - t - 9. What is the remainder when k(-18) is divided by m?
1
Suppose -39*i = -1659 + 99. What is the remainder when 797 is divided by i?
37
Let m be 3 + -5 + (-2 - -4). Suppose m = 5*g - 179 + 24. What is the remainder when g is divided by 17?
14
Let z(c) = c**2 - 2*c - 20. Calculate the remainder when 89 is divided by z(-5).
14
Let p = 73 + 6. Let l = 876 + -836. What is the remainder when p is divided by l?
39
Suppose -2*a + 286 = 266. What is the remainder when a is divided by 1?
0
Suppose 0 - 15 = -3*r. Let f(n) be the first derivative of 4*n**3/3 - n**2 - n - 7. Calculate the remainder when f(2) is divided by r.
1
Suppose -2*t = -4*l + 98, -5*l - t = -4*t - 122. Suppose 6*y = -6*y + 588. Calculate the remainder when y is divided by l.
24
Suppose 4*k + 0*k = 16, 2*k + 228 = -2*x. What is the remainder when (x - 4)/(-2) + 2 is divided by 22?
19
Let v(q) = 5 - 3*q**2 - 5*q - 3 + 2*q**2. Let m be v(-4). What is the remainder when 561/21 + m/21 is divided by 14?
13
Let d(t) = t**3 - 26*t**2 - 27*t + 11. Let f(v) = -v. Let c(r) = d(r) - f(r). What is the remainder when c(27) is divided by 14?
10
Let h(x) = 65*x**3 + 1. Let j(p) = -p - 9. Let s be j(-10). Let r(l) = -l**3 + 2*l**2 + l - 1. Let g be r(s). What is the remainder when h(g) is divided by 23?
20
Let z = -1167 + 1241. Calculate the remainder when z is divided by 13.
9
Suppose 3*d - 3 = 0, 0 = 3*l - 0*l - 4*d - 71. What is the remainder when 348 is divided by l?
23
Let n = -4851 + 4862. Suppose 4*p + 8 = -8, -3*p = -2*q + 68. What is the remainder when q is divided by n?
6
Let c(d) = -d**2 - 61*d - 340. Calculate the remainder when 82 is divided by c(-7).
6
Suppose -8 = -4*h - 12. Let d be h/(28/32 + -1). Let o = d + -7. What is the remainder when 1 is divided by o?
0
Suppose -u = -30 + 38. What is the remainder when u/(-10) + (-648)/(-40) is divided by 9?
8
Suppose 2 = 4*h - 42. Let k(r) = r + 1. Let d be k(-8). Let j = h + d. What is the remainder when 10 is divided by j?
2
Suppose -3*v = 12, -p - 2*v + v + 98 = 0. Let o be (-13 + 7)*(0 + -1). Suppose -99 = -3*l + 2*b, -3*b = -3 - o. What is the remainder when p is divided by l?
32
Let n(g) = g**3 - g + 27. Let o be n(0). Suppose -5*s - 18 - o = 0. What is the remainder when (6/s)/((-8)/228) is divided by 7?
5
Let l = -375 + 389. Let c(n) = n**3 + 6*n**2 + 5*n + 5. What is the remainder when l is divided by c(-5)?
4
Let n = 17 - 19. Let s(m) = m. What is the remainder when s(23) is divided by (-18 + 2)/(1*n)?
7
Let g = 116 + -90. Calculate the remainder when 206 is divided by g.
24
Suppose 457 = -19*r + 3440. Calculate the remainder when r is divided by 84.
73
Let q(w) = -w**3 - 2*w**2 - 13*w + 9. What is the remainder when q(-4) is divided by 50?
43
Suppose -6 = -3*w + 5*w. Suppose 0*v + 5*v = 100. What is the remainder when (1*w)/(1/(-13)) is divided by v?
19
Suppose -15*s - 125 = -16*s. Let l = 35 + -3. Calculate the remainder when s is divided by l.
29
Let l(r) = -3*r + 21. Suppose -3*d + 2*a = 11, -2*d - 5*a = 2*d + 53. What is the remainder when l(d) is divided by 3/(-1)*(-88)/12?
20
Suppose -3*v + 0*v + 5*c = -181, -2*c - 60 = -v. Suppose g + 45 = -v. Let r = -59 - g. What is the remainder when r is divided by 13?
9
Suppose 10*x - 2*x - 24 = 0. Let u be x + 176 - (0 + -2). Suppose -4*d + u = -35. Calculate the remainder when d is divided by 11.
10
What is the remainder when 54 is divided by (31 - 2) + (-4 - -5)?
24
Let r be (-7)/(21/(-6)) - -2. Suppose -4*w - r = -6*w. What is the remainder when 1 is divided by (-3 + w)*(-4)/4?
0
Suppose 210*m - 144 = 201*m. What is the remainder when 1085 is divided by m?
13
Let x be (24/32)/(3/20). Suppose -z = -w - w - 8, 0 = x*z + 5*w - 40. Calculate the remainder when 20 is divided by z.
4
Let g(j) = -j**2 - 8*j - 16. Let t be g(-4). Suppose t = -19*f - 2*f + 1806. What is the remainder when f is divided by 30?
26
Let x(g) be the first derivative of 0*g**2 - g + 1/3*g**3 + 12 - 3/4*g**4. Calculate the remainder when x(-1) is divided by 2.
1
Calculate the remainder when 101 is divided by 15 - (-12)/(-8 - -2).
10
Suppose 0 = -5*r + 6*t - 9*t + 142, -t + 86 = 3*r. What is the remainder when 96 is divided by r?
9
Let a be -3*(-4 - (-1 + -4)). What is the remainder when 12 is divided by ((-6)/9)/(a - 175/(-60))?
4
Let n = -171 - -180. Calculate the remainder when 1